17
Suppose -2*p + 72 - 62 = 0. Suppose p*x - 174 = -24*x. Let c(b) = -3*b**2 + 2*b**2 + 2*b**2 - 5*b + 2. Calculate c(x).
8
Let m be 1/(-4)*4*-4. Let s = m - 0. Let j(a) = a**3 - 4*a**2 + 2. Calculate j(s).
2
Let r(v) be the third derivative of -v**6/120 - v**5/15 - v**4/8 - v**3/3 - 864*v**2. Give r(-4).
10
Let n(v) = -4*v**3 + 2*v + 1. Let d be ((-2)/6)/((-2)/12). Suppose -2 = 3*i - 5. Let h be d/(i + 1)*(-2 - -1). Calculate n(h).
3
Let p(q) be the first derivative of -q**4/4 - 8*q**3/3 - 3*q**2/2 + 19*q - 641. Calculate p(-7).
-9
Let m = 8687 + -8692. Let s(x) = -31*x - 147. What is s(m)?
8
Let f(g) be the first derivative of 3*g**2/2 + 9*g - 1. Let c = -113 - -122. Suppose 4*n = -4*z - 12, 6*z + n = 7*z + c. Calculate f(z).
-9
Let n = -547 - -542. Let l(a) = -4*a**2 + 6*a + 3. Let u(t) = 3*t**2 - 5*t - 2. Let w(h) = n*u(h) - 4*l(h). Give w(-2).
0
Let k = 51 + -42. Let a be 3 + (0 + -1 - k). Let d(s) = -s**3 - 7*s**2 - 3*s + 7. Calculate d(a).
28
Suppose y - 52 = -28. Suppose -m + y = 26. Let t(k) be the second derivative of k**5/20 + 5*k**4/12 - k**2 - k. What is t(m)?
10
Let u(z) = -19*z + 243. Let f(w) = -10*w + 119. Let g(m) = -5*f(m) + 3*u(m). Let v be g(20). Let x(d) = d**2 + 3*d + 6. Calculate x(v).
24
Let d(m) = -m + 8. Let o be d(6). Suppose 2*c - o = 2. Let t(w) = 2*w**2 + 0 + 2 - 6*w**2 + w**3. Calculate t(c).
-6
Let a(y) = -2*y**2 + 7. Let d(j) = 13*j**2 + 18*j - 87. Let c(t) = -8*a(t) - d(t). Calculate c(5).
16
Let t(u) = u + 0 + 6*u - 1. Let o = 294 + -284. Suppose -o = -60*w + 50*w. Calculate t(w).
6
Let x(t) = -t**3 - 19*t**2 - 18*t + 18. Suppose 75*k - k + 76*k = -2700. Calculate x(k).
18
Let j(z) = z**2 - 4 + z + 5 + 8 - 9 + 2. Determine j(0).
2
Let f = -413 - -562. Let k = 152 - f. Let y(s) be the first derivative of -s**3/3 + 3*s**2/2 - 3*s + 1. Determine y(k).
-3
Let c(n) be the third derivative of -3/2*n**3 + 0 + 1/24*n**4 + 5*n**2 + 0*n. Suppose -3*r = l + l + 12, 5*l + 4*r + 16 = 0. Calculate c(l).
-9
Let g = 56 + -40. Suppose 16*n - 14*n = g. Let u(k) = 8*k + 21*k**2 - n - 9*k**2 - 13*k**2. What is u(6)?
4
Let x(m) = -23*m**3 - 15*m**2 - 244*m + 31. Let a(v) = -55*v**3 - 37*v**2 - 611*v + 76. Let f(j) = -5*a(j) + 12*x(j). Give f(14).
6
Let p(z) = -2 + 25*z - 57*z + 30*z. Let t(u) be the first derivative of 5*u**2/2 + 18*u - 15. Let w be t(-4). Determine p(w).
2
Let t(h) = -112092383*h + 222 + 20 + 112092395*h. Determine t(-20).
2
Let s(y) = -2*y - 25. Suppose -5*v - 21 = -2*v - 3*l, 2*l + 6 = 0. Determine s(v).
-5
Let h(k) = 2*k**3 - 8*k**2 + 2*k - 6. Let x(z) = z**3 - 4*z**2 + z - 3. Suppose 5*s + 4*s = -45. Let m(c) = s*x(c) + 2*h(c). Let l = -43 - -46. Give m(l).
9
Let z(l) be the second derivative of -l**5/20 + l**4/4 + l**3 + 196*l + 2. Determine z(4).
8
Suppose -2*v + 9 - 5 = 0. Let a(z) = 12*z + 10*z**v + 2 - 13*z - 4 + 3. Calculate a(1).
10
Let m(r) = 15*r + 164. Let z(l) = -31*l - 294. Let a(g) = 7*m(g) + 4*z(g). What is a(-2)?
10
Let n = 38 + -37. Let a(f) be the first derivative of -1/2*f**2 + 32 - 1/3*f**3 + 0*f. What is a(n)?
-2
Let m be ((6/(-4))/(-1 - 53))/(58/174). Let i(t) be the second derivative of -m*t**4 + 1/3*t**3 + 6*t + 0 + t**2. What is i(2)?
2
Let x(w) = 6*w - 1. Suppose -2*r = -19 - 13. Let o = r + -13. Let j(q) = 2*q - 5. Let h be j(o). Calculate x(h).
5
Let j(t) = 31*t - 1950. Let m be j(63). Let o(p) be the first derivative of 7*p + 1/2*p**2 - 31 - 1/3*p**m. What is o(5)?
-13
Let x be 13/26*(4 - 2974). Let v = x + 1486. Let k(o) = -1 - 5*o**2 + 3*o**2 + 0. What is k(v)?
-3
Suppose -d - 6 = -2*d. Suppose 2*n + 5*a - 37 = -8, -3*n + 3*a - 9 = 0. Let q(b) = -9*b**3 + 5*b + d*b - 10*b - 2*b**n. Calculate q(1).
-10
Let f(x) = x**3 - 2*x**2 + 2*x - 2. Let s be f(2). Let y(n) = n**3 - 6*n - 10*n + 5*n**s + 20*n - 1. Let q = 759 + -762. What is y(q)?
5
Let j(m) be the third derivative of -m**7/1680 + m**6/180 - 3*m**5/4 + 18*m**2 - 1. Let g(s) be the third derivative of j(s). Give g(3).
-5
Let r(q) be the third derivative of 0*q + 0*q**3 - 1/120*q**6 + 1/8*q**4 + 0 - 3*q**2 + 1/20*q**5. Suppose 27 = -d + 30. Determine r(d).
9
Let h(g) = 3*g**3 - 20*g**2 + 5*g - 7. Let x(v) = -v**3 + 9*v**2 - 3*v + 3. Let z(j) = 2*h(j) + 5*x(j). Let a(p) = 4*p - 78. Let l be a(18). What is z(l)?
-5
Let p(m) = 2*m**2 - 2*m - 3. Let t(h) = -h**2 + h + 1. Let j = -199 - -197. Let a(w) = j*p(w) - 5*t(w). Calculate a(0).
1
Let s(k) = -k - 4. Suppose 5*g - 8*g = -207. Suppose 55 = 5*n - 4*r - 60, -g = -3*n + 3*r. Let j = n + -20. Calculate s(j).
-7
Let a(c) = -37*c**2 - 260*c - 5. Let m be a(-7). Suppose -3*j - 2*j = 0, 3*h - 6 = j. Let v(o) = 6*o**3 + 3*o + 0*o**h - 2*o**2 - 5*o**3 - 2. Determine v(m).
4
Let r(c) = 142*c - 48*c - 2 - 37*c - 34*c - 31*c. Calculate r(-3).
22
Let j(f) = -5*f**2 + 45 - 10*f**2 - 9*f - f - 2*f - f**3. What is j(-14)?
17
Let w(m) be the first derivative of m**2/2 - 10*m + 6. Suppose -3*h = -19*h + 3456. Let j = h - 209. Give w(j).
-3
Let b be 44 + (-483)/21 + 7/(14/(-4)). Let y(f) = f**3 - 19*f**2 + f - 37. Determine y(b).
-18
Let y(q) = q**2 + 7*q + 8. Suppose 0 = -55*k - 283 - 102. Give y(k).
8
Let s(i) = i**3 + 9*i**2 - 12*i - 10. Suppose 0 = -640*w + 594*w - 460. Determine s(w).
10
Suppose 2*p + 3428*x = 3425*x - 27, 0 = 6*p - 4*x - 10. Let q(l) be the third derivative of -l**6/120 - l**5/20 - 2*l**3/3 + l**2. Calculate q(p).
-4
Let y(q) = 2*q - 1. Let v(a) = -6*a + 3. Let j(u) = 3*v(u) + 8*y(u). Let k(i) = 7*i - 8. Let l(f) = -3*j(f) - k(f). Determine l(7).
-2
Suppose -7*v = -28 - 7. Let q(w) be the third derivative of -w**4/12 + w**3/2 - 241*w**2. What is q(v)?
-7
Let j = 1048 - 1043. Suppose 3*g = -2*z + 5*g - 4, -1 = -g. Let x = z + j. Let l(s) = -s**2 + 2*s - 3. Give l(x).
-11
Let f(b) = -14 - 5 + 5*b - 6788*b**3 + 6787*b**3 + 11*b**2 - 3*b - 6*b**2. Determine f(3).
5
Let w(f) = 14*f - 15. Let d(j) = -7*j + 7. Let q(a) = -2*a**2 + 2*a. Let g be q(2). Let m(v) = g*w(v) - 9*d(v). Let k = 717 + -720. Determine m(k).
-24
Let z(u) = -u**3 - 17*u**2 - 16*u - 5. Suppose 4*m - 91 = -3*k - 164, 3*m + k = -51. Give z(m).
-5
Suppose -3*f = -5*h + 44, 0 = 2*h - 3*h - 3*f - 2. Let d(u) = u**2 - 4*u - 17. Let p be d(h). Suppose 3*o = p*o + 2. Let s(n) = -n**2 - n. Determine s(o).
-2
Let w(m) = m**2 - 20*m + 3. Let c be w(20). Let o(x) be the third derivative of -x**6/120 + x**5/15 - x**4/24 + x**3/2 - 300*x**2. Determine o(c).
9
Let v = 259 + -255. Let w(g) = 2*g**2 - 3*g + 7. Let y(d) = -3*d**2 + 3*d - 8. Let r(z) = v*y(z) + 5*w(z). Give r(-3).
-6
Let v be 3/75*5 - (-69)/5. Suppose -2*f + 2*i - 6 - 8 = 0, -2*f - i = v. Let o be 15 + f - (1 + -1). Let q(j) = -j**3 + 9*j**2 - 6*j - 3. Calculate q(o).
13
Let w(x) = 19*x + 166. Let y(b) = -2*b**2 - 209*b - 2066. Let p be y(-11). What is w(p)?
-5
Let h(j) be the third derivative of j**4/8 + j**3/3 + 4*j**2. Suppose 0 = -f - 3*f + 164. Let r = 39 - f. What is h(r)?
-4
Let m(a) = 11*a - 88. Let t be m(8). Let h be (t/1 + -2)*357/102. Let r(x) = -x**2 - 10*x - 8. Give r(h).
13
Let z = 980 - 974. Let d(f) be the first derivative of 7/3*f**3 - 1/2*f**2 + z*f - 1/4*f**4 - 8. What is d(7)?
-1
Let o(p) = 2*p - 3. Let k be 1 + ((-128)/(-6))/(14/21). Suppose 75 = 5*r + 5*q, 0 = 3*r - 6*r + q + k. Suppose -9*u + r*u - 6 = 0. What is o(u)?
1
Let w(r) = r**3 + 2*r - 3. Let f(l) = -4*l**3 - 2*l**2 - 10*l + 38. Let h(g) = f(g) + 5*w(g). What is h(0)?
23
Let b(n) = 4*n**3 - 12*n - 26*n**3 - 18 + 23*n**3 - 4*n**2. Determine b(6).
-18
Let o(h) be the second derivative of -h**4/12 - h**3/6 - 8*h**2 - 5*h. Let t(r) = 2*r**2 - 23*r + 30. Let d be t(10). Calculate o(d).
-16
Let m(n) = -2*n**2 - 3*n + 3. Let t(l) = 17*l - 27. Let j be t(4). Suppose -34 = 25*w + j. Calculate m(w).
-6
Let v(f) = 6*f**3 - 3*f**3 - 2*f**3 - 155 - f**2 + 71 - 18*f + 90. Calculate v(0).
6
Let a(m) = 4 + 18625*m - 9 - 18627*m. Let f = 17 - 8. What is a(f)?
-23
Let f be (-1 - -1)/((-574)/164*(-12)/(-14)). Let m(l) be the third derivative of f - 1/8*l**4 + 18*l**2 + 0*l - 1/6*l**3. Determine m(-2).
5
Let d = 181 - 184. Let a(b) = b**3 - 2*b**2 - 15*b + 1. Let u be a(d). Let z(s) = -9*s**2. What is z(u)?
-9
Let r be (-71)/(-497) - ((-62)/14)/(4/8). Let w(s) = -s**3 + 15*s**2 - 56*s + 9. What is w(r)?
-9
Let o(k) = -1785830*k + 1785904*k - 28*k**2 + 7*k**2 + 43 - k**3. Determine o(-24).
-5
Let